-7))/((-4)/(-124)). Let j = 32 - m. Let b(f) = f**3 - 3*f**2 - 6*f - 4. What is the remainder when j is divided by b(5)?
15
Let r(l) = -l**3 + 6*l**2 + 2*l - 7. Suppose -233*c + 34006 = 461*c. What is the remainder when c is divided by r(6)?
4
Suppose -69*o + 8 = -77*o. Calculate the remainder when 73 is divided by o - 5 - 5/15*-66.
9
Suppose 0*l - 10 = 5*l, n - 5*l = 91. Calculate the remainder when n is divided by 17.
13
Let p be 2230/(-8) - (4 - 45/12). Let v = 310 + p. Calculate the remainder when v is divided by 8.
7
What is the remainder when 76 is divided by (200/(8 + -12))/(-2 + -4 + 5)?
26
Suppose 13*q - 8 = 31. Suppose -116 - 48 = -4*g + 4*k, 5*g - q*k = 199. What is the remainder when 453 is divided by g?
35
Let d be (-3)/((-7)/((-2800)/(-12))). Let w = 146 - d. What is the remainder when w is divided by 16?
14
Let g = -4750 + 4863. Calculate the remainder when g is divided by 16.
1
Let x = -6 + 10. Suppose -q = x*q - 125. Let o = 22181 - 22134. Calculate the remainder when o is divided by q.
22
Suppose 0 = -37*y + 42*y - 3105. Calculate the remainder when y is divided by 14.
5
Suppose 5*y + 1309 = 3*p, -4*y - 471 + 1307 = 2*p. Calculate the remainder when p is divided by 193.
42
Let n = -1206 + 1254. Let s = -21 + 40. Calculate the remainder when n is divided by s.
10
Let u = -2 - -2. Suppose 0 = -0*l + 3*l + g - 8, g + 6 = 4*l. Suppose 2*a - z - 106 = u, -91 - 3 = -2*a - l*z. Calculate the remainder when a is divided by 9.
6
Let b = -431 - -191. Calculate the remainder when (2/(-5))/((-712)/b - 3) is divided by 8.
4
Let k = -6 + 24. Let y(l) = 318*l + 4817. What is the remainder when y(-15) is divided by k?
11
Suppose -3*r + 88 + 9 = 5*g, 4*g - 66 = -2*r. What is the remainder when 29 is divided by r?
0
Let i = 3139 - 3116. Calculate the remainder when 842 is divided by i.
14
Let h be 11/(((-3)/(-19))/(-3)). Let k = -492 - h. Let s = -190 - k. Calculate the remainder when s is divided by 47.
46
Let n = -3 + -18. Let h(m) = -m**2 - 22*m - 11. Let d be h(n). Suppose 7*o = 8*o - d. What is the remainder when 77 is divided by o?
7
Suppose -3*h + 112 = 2*l, 0*h - l = 4*h - 146. Suppose 522 = 5*w - 553. Calculate the remainder when w is divided by h.
35
Suppose -3*v = -3, 0*s - 2*v - 114 = -s. Let y = -112 + s. Let m(h) = -h**2 - 8*h - 3. Calculate the remainder when m(-6) is divided by y.
1
Let a = 34 - -76. Let f = a + -78. Calculate the remainder when 110 is divided by f.
14
Let l(f) = f - 13. Let p be l(11). Suppose 5*b = -2*m + 2*b + 30, 4*b + 26 = m. What is the remainder when (1572/(-9))/p - 1/3 is divided by m?
15
Suppose 3*f = 5*s - 10*s + 39519, -f + 7907 = s. What is the remainder when s is divided by 104?
99
Suppose 87 = -g - y + 102, 0 = g - 4*y - 20. What is the remainder when 120 is divided by g?
8
Let h(j) = -j**3 - 7*j**2 + 10*j. Let t be h(-8). Let r = 11 + t. Calculate the remainder when (-93)/(-18) + r - 190/(-12) is divided by 9.
7
Let q = -397 + 278. Let g = q - -87. Let m = 103 + g. What is the remainder when m is divided by 19?
14
Let f = -89 + 93. Suppose 0 = 5*m - 75*q + 73*q - 496, 3*m + f*q - 282 = 0. Calculate the remainder when m is divided by 17.
13
Let a(z) = 4 - 2*z**2 - 3*z**2 - 2*z - 8*z + 3*z. Let y be a(-6). Let m = y - -257. What is the remainder when m is divided by 31?
30
Let f(g) = 36*g - 5. Let s(r) = r - 1. Let w(l) = -f(l) + 4*s(l). Let x be w(2). Calculate the remainder when -42*(68/x - (-2)/9) is divided by 19.
17
Suppose -5*j - 7*t + 6*t + 1019 = 0, 3*j - 4*t - 616 = 0. What is the remainder when j is divided by 3?
0
Let l = -1240 - -1369. Calculate the remainder when 1017 is divided by l.
114
Suppose -274*v + 273*v = -u + 104, -2*u = 3*v - 243. Calculate the remainder when u is divided by 91.
20
Suppose -2*p + 35 - 5 = 0. Let u(h) = 3*h**2 + 254*h + 683. Calculate the remainder when u(-82) is divided by p.
12
Suppose -4*i = -868*r + 866*r + 3078, -4*r = -3*i - 6186. Calculate the remainder when r is divided by 42.
39
Suppose 2*t - 23 = -l - 4*l, 2*t - l - 5 = 0. Suppose 0 = g - 5*h - 13, g + g - 68 = -t*h. What is the remainder when 70 is divided by g?
14
Let g = -176 + 23. Let n = -129 - g. Suppose -n*s - 190 = -25*s. What is the remainder when s is divided by 48?
46
Calculate the remainder when 24407 is divided by 28270/(-495) + 57 + 154/9.
12
Let t(v) = v**2 - 53. Let i be t(0). Let w = i - -50. Calculate the remainder when 46 is divided by (2/6)/(616/204 + w).
12
Calculate the remainder when ((-1 - 0) + 68)/1 is divided by 126 + -80 + ((-6)/9 - 62/6).
32
Suppose -4*q - 471 = -3*g - q, g = -2*q + 169. Let w = 182 - g. Calculate the remainder when 78 is divided by w.
15
Suppose -6*l = 3*r - l - 3, 2*r - 27 = 5*l. Let a = 137 - 79. Calculate the remainder when a is divided by r.
4
Let b(j) = 2*j**2 + 5*j - 6. Suppose 0 = -5*q - 4*x + 5 - 42, 5*q = x - 22. Calculate the remainder when 9*((-9 - -4) + 32/3) is divided by b(q).
13
Suppose 0 = -2*g - 4*t - 36, t - 7 = -4. What is the remainder when 39 is divided by (-81)/(-9)*2/(-6) - g?
18
Suppose -7*h + 0 = -168. Suppose 4*f - 60 = -2*v + h, -3*f + 3*v = -81. What is the remainder when 65 is divided by f?
19
Let f = 976 - 939. Calculate the remainder when 134 is divided by f.
23
Calculate the remainder when -6 - 45/(-9) - 3/(15/(-2980)) is divided by 62.
37
Let g = 185 + 2. Let p = 174420 - 174321. Calculate the remainder when g is divided by p.
88
Suppose s + 0*s - 23 = 2*n, s - 5*n - 17 = 0. What is the remainder when s is divided by 9/(-2)*(-24)/9?
3
Calculate the remainder when 3107 is divided by 44/8*11840/880.
73
Suppose -53*w + 84*w - 2563 = 10. What is the remainder when 106 is divided by w?
23
Suppose 0 = 58*x - 172*x - 125*x + 2868. What is the remainder when 2743 is divided by x?
7
Suppose 11 = 4*b + 23. Let s be b/9 + (-4 - 654/9). Let d = 94 + s. What is the remainder when d is divided by 13?
4
Suppose 2 = -4*b + 10. Suppose -b*y + 2 = n + n, 3*y = -n - 3. Let j(p) = -2*p**3 + 13*p**2 - 2*p - 20. Calculate the remainder when j(6) is divided by n.
1
What is the remainder when (-12)/(-18) + (-190)/(-3) is divided by (-2 + 4)*(69/(-4))/(45/(-30))?
18
Let d = 10823 + -3174. Calculate the remainder when d is divided by 178.
173
Let j = 7758 - 7615. Calculate the remainder when j is divided by 49.
45
Calculate the remainder when 890*(-18 - 156/(-8)) is divided by 167.
166
What is the remainder when 3618 is divided by (0 - -3*(-3)/24) + 489/24?
18
Suppose 2*n = 29 - 9. Suppose 6*q = 5*q + n. Let c = 36 - q. Calculate the remainder when c is divided by 4.
2
Let i be (11/22)/((-2)/(-132)). Calculate the remainder when 145 is divided by 4/11 - (-2529)/i.
68
Suppose 0 = -6*z + 4*z - 10, -227 = -3*d - 5*z. Calculate the remainder when d is divided by 40.
4
Suppose -3*r = 21, -5*r - 852 - 331 = -4*x. What is the remainder when 805 is divided by x?
231
Suppose 4*j - 114 = 38. Suppose 0 = -3*r, -5*z - 13*r + 11*r = -915. What is the remainder when z is divided by j?
31
Let w(j) = -4*j**3 - j**2 + 3*j + 4. Let p(l) = -l**3 - 29*l**2 - 56*l - 6. Calculate the remainder when p(-27) is divided by w(-2).
22
Suppose 242*r - 249*r = -56. Let c(l) be the second derivative of -l**4/12 + l**3 + 3*l**2/2 - 5*l. Calculate the remainder when r is divided by c(6).
2
Suppose 6*s - 11*s = -2*v + 6102, -5*s + 15185 = 5*v. Calculate the remainder when v is divided by 87.
83
Let o be 6414/(-21) + 3/7. Let l = 309 + o. What is the remainder when 15 is divided by l?
3
Let b(i) = 2*i**2 + 7*i - 11. Let q = -165 - -159. Calculate the remainder when 94 is divided by b(q).
18
Suppose -1362*l - 2408 - 10104 = -1394*l. Calculate the remainder when l is divided by 176.
39
Let j(p) = 5*p**3 + 15*p**2 - 14*p - 10. Let o be j(-4). Let c(g) = g**3 + 33*g**2 - 39*g + 57. What is the remainder when c(o) is divided by 18?
11
Let o = 12838 + -12715. Calculate the remainder when 268 is divided by o.
22
Let d = -5429 - -5537. Calculate the remainder when 383 is divided by d.
59
Let h(f) = f**3 + 14*f**2 + f + 22. Calculate the remainder when 1606 is divided by h(-14).
6
Let r(g) = -g**3 - 15*g**2 + 44*g - 167. Let c(i) = -i**3 + 9*i**2 + 4*i. Let j be ((-4)/(-6))/(6/81). What is the remainder when c(j) is divided by r(-18)?
10
Suppose y + 73 = -4*s, -5*s + 12 = -2*y - 82. Let